s**2 - 26*s - 23. Give c(27).
4
Let v(q) = -q**3 + 9*q**2 + 29*q - 69. Calculate v(11).
8
Let v(t) = 3*t**3 + 2*t**2 - 1. What is v(-2)?
-17
Let d(t) = -59*t**2 + 7*t - 8. What is d(1)?
-60
Let z(d) = -d**3 - 10*d**2 + 16*d - 3. Give z(-11).
-58
Let x(m) = -10*m. Give x(2).
-20
Let a(m) = -m**2 - 9*m + 19. Give a(-10).
9
Let i(b) = -b**2 + 17*b - 32. Determine i(15).
-2
Let n(z) = z**3 + 13*z**2 - 32*z - 34. Determine n(-15).
-4
Let o(g) = g**2 - 3*g + 22. Calculate o(-9).
130
Let r(i) = 10*i - 113. Determine r(12).
7
Let r(y) = -6*y + 83. What is r(14)?
-1
Let l(s) = s**2 - 8*s - 2. Give l(5).
-17
Let u(s) = 66*s - 68. Give u(1).
-2
Let k(x) = x - 3. Give k(-12).
-15
Let l(y) = y**2 - 6*y + 9. What is l(4)?
1
Let y(v) = 3*v - 4. What is y(10)?
26
Let p(f) = -f**2 - 14*f - 5. What is p(-14)?
-5
Let g(x) = 2*x - 73. Calculate g(10).
-53
Let w(o) = 30*o + 2. What is w(-1)?
-28
Let v(n) = -7*n**3 - 3*n**2 - n + 1. Give v(-1).
6
Let i(o) = o**3 - o**2 + 2*o + 6. What is i(0)?
6
Let i(g) = g**3 + 6*g**2 + 4*g - 3. What is i(-5)?
2
Let a(o) = -9*o**3 + o**2 - o + 1. Determine a(1).
-8
Let o(w) = 5*w - 34. What is o(4)?
-14
Let p(g) = -6*g**2 - 4*g + 3. Give p(1).
-7
Let y(v) = -16*v - 210. Calculate y(-12).
-18
Let v(d) = -d**2 + 4*d - 1. Calculate v(1).
2
Let a(o) = -2*o**2 - 6*o - 3. Determine a(-5).
-23
Let y(b) = 101*b - 79. Determine y(1).
22
Let a(y) = 3*y + 19. Give a(-7).
-2
Let b(r) = -r - 25. What is b(0)?
-25
Let i(p) = p**3 - p**2 + 2*p - 2. Determine i(3).
22
Let r(j) = 5*j - 12. Calculate r(-5).
-37
Let w(c) = -c**3 - 7*c**2 - 5*c + 6. Calculate w(-5).
-19
Let u(d) = d**3 + d**2 - d + 9. Determine u(0).
9
Let x(f) = f**3 - 4*f**2 - 13*f - 5. What is x(6)?
-11
Let d(f) = f**2 + 8*f + 1. Give d(-12).
49
Let v(b) = -b**3 + 10*b**2 - 12*b + 6. Determine v(9).
-21
Let m(w) = -w**2 + 16*w - 63. What is m(13)?
-24
Let g(r) = -r**3 + 8*r**2 - r + 30. Give g(8).
22
Let c(x) = x**2 - 13*x + 14. Calculate c(11).
-8
Let i(y) = y + 19. What is i(-12)?
7
Let y(a) = -a**2 + 3*a + 3. Determine y(9).
-51
Let k(c) = -2*c**2 + 39*c - 27. Determine k(19).
-8
Let z(b) = -b**2 - 16*b + 2. Calculate z(0).
2
Let n(k) = -3*k**3 - k**2 + 5*k + 2. Calculate n(-2).
12
Let x(r) = -r**3 + 14*r**2 + 11*r + 5. Give x(15).
-55
Let q(w) = -2*w + 3. Give q(5).
-7
Let s(g) = -2*g**3 - 18*g**2 + 20*g + 23. Calculate s(-10).
23
Let x(a) = -4*a + 15. What is x(26)?
-89
Let f(t) = -t**3 + t - 29. Calculate f(0).
-29
Let k(y) = -y**2 + 5*y - 4. Calculate k(3).
2
Let t(h) = 2*h**3 - 48*h**2 + 1. Calculate t(24).
1
Let m(t) = -37*t + 108. What is m(3)?
-3
Let o(f) = f - 29. What is o(6)?
-23
Let l(c) = 4*c + 111. Give l(-27).
3
Let n(v) = v**2 + v + 42. Determine n(0).
42
Let w(p) = -2*p**3 - 31*p**2 + 16*p - 10. Calculate w(-16).
-10
Let d(o) = -5*o**2 + o - 1. Determine d(-4).
-85
Let v(w) = -w**3 - 13*w**2 - 12*w - 27. Determine v(-12).
-27
Let i(y) = y**3 + 4*y**2 - 5*y - 6. Determine i(-4).
14
Let t(b) = 3*b**2 + 8*b + 15. Calculate t(-4).
31
Let h(j) = -j**3 + 8*j**2 - 2*j + 8. Calculate h(8).
-8
Let i(q) = -q**2 + 10*q - 3. Determine i(10).
-3
Let s(d) = -d**2 - 9*d + 1. Calculate s(-8).
9
Let x(z) = 3*z + 18. Give x(-7).
-3
Let i(j) = -5*j**2 + 3*j + 2. Determine i(-2).
-24
Let u(p) = -p**3 + 10*p**2 - 7*p + 203. What is u(11)?
5
Let j(d) = d**3 - 5*d**2 - 6*d - 6. What is j(6)?
-6
Let h(m) = m**3 + 3*m**2 - 25*m - 7. What is h(-7)?
-28
Let j(l) = -3*l**2 - 18*l - 1. Give j(-7).
-22
Let w(x) = -5*x + 11. Give w(3).
-4
Let n(p) = 2*p**3 + 7*p**2 - 6*p - 15. Calculate n(-6).
-159
Let z(i) = i**3 + 10*i**2 + 11*i + 6. Give z(-9).
-12
Let w(s) = s**3 + 15*s**2 + 11*s - 39. Calculate w(-14).
3
Let n(i) = i**2 - 7. Calculate n(0).
-7
Let h(i) = -i**2 + 9*i - 16. Calculate h(2).
-2
Let a(w) = -w**3 + 7*w**2 - w + 3. Calculate a(7).
-4
Let q(j) = -2*j + 18. Determine q(4).
10
Let k(l) = -15*l + 115. Calculate k(8).
-5
Let d(l) = l**3 - 11*l**2 + 13*l + 14. Determine d(7).
-91
Let p(w) = w**2 - 5*w - 48. Give p(-6).
18
Let u(c) = -4*c + 3. Give u(-4).
19
Let t(n) = n**2 - 19*n + 34. Calculate t(15).
-26
Let f(u) = -17*u**2 + 11*u + 4. What is f(-3)?
-182
Let t(j) = 17*j + 937. Determine t(-55).
2
Let c(b) = 7*b**3 + b**2 - 1. What is c(2)?
59
Let z(a) = a**2 - 19*a + 31. Give z(12).
-53
Let s(l) = -3*l - 23. Calculate s(-5).
-8
Let h(t) = t**2 + 13*t - 26. Give h(-13).
-26
Let c(v) = -v**3 - 5*v**2 + 7*v + 1. Calculate c(-6).
-5
Let i(u) = -u + 5. Determine i(3).
2
Let f(m) = m + 16. What is f(-6)?
10
Let j(q) = q**2 - 8*q - 392. Calculate j(-17).
33
Let p(z) = -2*z**2 - 29*z + 11. What is p(-15)?
-4
Let i(a) = 2*a**2 - 37*a + 30. Calculate i(17).
-21
Let o(l) = -11*l**2 + 3*l. Give o(2).
-38
Let u(t) = t**3 - 9*t**2 + 4*t - 36. What is u(9)?
0
Let y(u) = -u**3 + 21*u**2 + 23*u - 48. Determine y(22).
-26
Let m(i) = i**2 + 29*i + 72. Determine m(-23).
-66
Let f(i) = -i**3 + 7*i**2 + 7*i + 6. Give f(8).
-2
Let f(r) = 2*r - 13. What is f(-5)?
-23
Let w(f) = f**3 - 10*f**2 + 11*f - 5. Give w(9).
13
Let w(k) = -k**3 + k**2 + 22*k. What is w(-4)?
-8
Let d(q) = 2*q**2 - 3*q - 4. What is d(-1)?
1
Let i(f) = f**3 - 18*f**2 + 18*f - 23. Calculate i(17).
-6
Let v(n) = 78*n + 75. Give v(-1).
-3
Let d(x) = -10*x - 52. Give d(-6).
8
Let f(l) = -l**3 - 36*l**2 + 33*l - 143. Give f(-37).
5
Let m(q) = q**3 + 25*q**2 + 112*q - 10. Calculate m(-19).
28
Let c(z) = z**3 - 6*z**2 + 7*z - 1. What is c(5)?
9
Let w(a) = -a**2 + 32*a + 112. Give w(35).
7
Let z(t) = -17*t**2 - 1. Give z(1).
-18
Let s(r) = -2*r + 8. What is s(0)?
8
Let s(a) = -a**2 - 6*a - 12. Give s(-6).
-12
Let x(p) = -3*p**2 + 4*p + 2. Determine x(4).
-30
Let j(s) = s**2 + 11*s - 33. What is j(-9)?
-51
Let l(t) = 16*t - 2. Give l(4).
62
Let u(l) = -l**2 - 10*l. Calculate u(-11).
-11
Let m(s) = -s**2 - 14*s - 20. What is m(-13)?
-7
Let u(h) = -2*h**3 - 26*h**2 + 96*h - 12. What is u(-16)?
-12
Let y(p) = p**3 + 59*p**2 + 4*p + 229. Give y(-59).
-7
Let q(w) = w**2 + 6*w - 21. What is q(-9)?
6
Let o(a) = -6*a**3 + 3*a**2 - 3*a + 3. Determine o(2).
-39
Let y(x) = -x**2 - 16*x + 12. Give y(-10).
72
Let w(y) = 22*y + 22. Give w(0).
22
Let q(x) = x**2 + 15*x + 57. Calculate q(-7).
1
Let w(p) = -p**3 + 9*p**2 + 2*p - 7. Give w(9).
11
Let f(p) = p**3 + 10*p**2 + 11*p + 13. Give f(-9).
-5
Let o(t) = 2*t**2 - 8*t - 12. Give o(11).
142
Let k(x) = 4*x + 11. Calculate k(-5).
-9
Let b(l) = l**3 + 8*l**2 + 5*l - 12. Determine b(-7).
2
Let k(u) = 8*u - 169. What is k(20)?
-9
Let t(v) = -v**2 - 6*v - 2. Determine t(-3).
7
Let c(q) = 16*q**2 + 35*q + 1. What is c(-3)?
40
Let w(r) = 17*r**3 + 3*r**2 - 3. Determine w(-2).
-127
Let g(q) = -q**2 + 1. Calculate g(-1).
0
Let l(w) = -w**3 + 11*w**2 - 5*w + 75. Calculate l(11).
20
Let s(w) = w**3 - 4*w**2 - 5*w - 2. Give s(5).
-2
Let p(u) = -u - 11. Give p(10).
-21
Let u(s) = 2*s**3 - 10*s**2 + 7*s - 3. Give u(6).
111
Let k(h) = -4*h**2 - 14*h - 13. Calculate k(-3).
-7
Let t(b) = 3*b**2 + 113*b - 44. Give t(-38).
-6
Let r(s) = -2*s**2 - 9*s - 5. Calculate r(-4).
-1
Let c(u) = -u**2 - u + 9. Calculate c(-7).
-33
Let q(n) = -2*n**2 - 11*n + 2. Determine q(-6).
-4
Let v(a) = -a**2 - 9*a - 17. Give v(-10).
-27
Let t(u) = u**2 - 4*u - 35. Give t(7).
-14
Let j(o) = -o**3 + 12*o**2 - o + 15. Calculate j(12).
3
Let m(q) = 5*q + 128. Calculate m(-25).
3
Let s(j) = -18*j + 45. Give s(3).
-9
Let t(c) = -c**3 + 45*c**2 + 43*c + 138. Determine t(46).
0
Let u(c) = c**3 + 3*c**2 - c + 3. Calculate u(-3).
6
Let f(d) = -4*d**3 + d**2 - 3*d + 2. Calculate f(1).
-4
Let j(h) = h**3 + 2*h**2 + 6*h - 3. Give j(-3).
-30
Let h(c) = c**2 + 14*c + 19. What is h(-10)?
-21
Let g(k) = 19*k + 4. Give g(-1).
-15
Let c(q) = q**2 + 4*q - 2. Give c(-5).
3
Let q(t) = -2*t - 27. Give q(28).
-83
Let l(f) = -7*f + 200. Calculate l(27).
11
Let n(c) = -c - 60. Give n(0).
-60
Let i(r) = -2*r - 1. Give i(2).
-5
Let q(x) = 133*x - 659. Give q(5).
6
Let i(a) = -8*a - 1. Calculate i(-2).
15
Let s(g) = 2*g + 3. What is s(-3)?
-3
Let f(h) = -h**2 + 33*h + 850. Determine f(50).
0
Let t(y) = -y**2 + 6*y - 6. Calculate t(5).
-1
Let o(k) = -2*k**2 - 22*k + 23. Give o(-13).
-29
Let w(t) = 4*t + 37. What is w(-13)?
-15
Let r(z) = -14*z - 9. Determine r(-5).
61
Let o(b) = -b**3 + 6*b**2 - b + 2. Determine o(5).
22
Let v(i) = -18*i**2 - 5*i + 4. Give v(1).
-19
Le